4132?
1
What is the hundred thousands digit of 12316226?
3
What is the thousands digit of 16128265?
8
What is the hundreds digit of 369954?
9
What is the hundreds digit of 736109?
1
What is the hundred thousands digit of 2763194?
7
What is the tens digit of 152596?
9
What is the ten thousands digit of 1766663?
6
What is the ten thousands digit of 402330?
0
What is the ten thousands digit of 16135?
1
What is the ten thousands digit of 453293?
5
What is the thousands digit of 1868609?
8
What is the millions digit of 7458970?
7
What is the units digit of 33055169?
9
What is the tens digit of 1249471?
7
What is the ten thousands digit of 6347348?
4
What is the hundreds digit of 3815986?
9
What is the thousands digit of 107958?
7
What is the thousands digit of 6895346?
5
What is the hundred thousands digit of 1341921?
3
What is the hundred thousands digit of 5037873?
0
What is the units digit of 1109464?
4
What is the thousands digit of 277042?
7
What is the hundred thousands digit of 25732357?
7
What is the thousands digit of 310892?
0
What is the thousands digit of 1396882?
6
What is the ten thousands digit of 21125489?
2
What is the thousands digit of 2015756?
5
What is the units digit of 13861344?
4
What is the tens digit of 1410668?
6
What is the hundred thousands digit of 483315?
4
What is the hundred thousands digit of 540473?
5
What is the thousands digit of 118610?
8
What is the thousands digit of 22597601?
7
What is the ten thousands digit of 185681?
8
What is the ten thousands digit of 106208?
0
What is the thousands digit of 960448?
0
What is the thousands digit of 1608543?
8
What is the hundreds digit of 162106?
1
What is the hundred thousands digit of 1439194?
4
What is the millions digit of 26334531?
6
What is the tens digit of 2681197?
9
What is the tens digit of 119167?
6
What is the tens digit of 4823307?
0
What is the millions digit of 7010686?
7
What is the ten thousands digit of 164987?
6
What is the hundreds digit of 313992?
9
What is the thousands digit of 42273?
2
What is the hundreds digit of 188793?
7
What is the units digit of 565911?
1
What is the units digit of 563605?
5
What is the hundred thousands digit of 3066645?
0
What is the units digit of 886824?
4
What is the hundreds digit of 1782975?
9
What is the hundred thousands digit of 184704?
1
What is the hundreds digit of 4781725?
7
What is the tens digit of 179514?
1
What is the hundred thousands digit of 308722?
3
What is the ten thousands digit of 639040?
3
What is the tens digit of 1022327?
2
What is the hundred thousands digit of 10809537?
8
What is the hundreds digit of 2067023?
0
What is the tens digit of 2575348?
4
What is the units digit of 2336139?
9
What is the units digit of 4716081?
1
What is the units digit of 33397?
7
What is the hundred thousands digit of 38015198?
0
What is the millions digit of 11417690?
1
What is the hundred thousands digit of 100092?
1
What is the ten thousands digit of 3979256?
7
What is the millions digit of 2228151?
2
What is the tens digit of 593251?
5
What is the hundreds digit of 1364052?
0
What is the hundred thousands digit of 1631014?
6
What is the thousands digit of 629828?
9
What is the hundreds digit of 6593008?
0
What is the thousands digit of 186422?
6
What is the thousands digit of 310471?
0
What is the hundred thousands digit of 461439?
4
What is the thousands digit of 35307007?
7
What is the ten thousands digit of 895699?
9
What is the hundred thousands digit of 4683735?
6
What is the hundreds digit of 47488?
4
What is the millions digit of 2440089?
2
What is the ten thousands digit of 616277?
1
What is the thousands digit of 85794?
5
What is the millions digit of 10862489?
0
What is the units digit of 476915?
5
What is the hundred thousands digit of 33480908?
4
What is the hundred thousands digit of 174906?
1
What is the thousands digit of 357105?
7
What is the units digit of 361723?
3
What is the tens digit of 134671?
7
What is the hundreds digit of 36652390?
3
What is the ten thousands digit of 10603091?
0
What is the thousands digit of 7467727?
7
What is the millions digit of 2182774?
2
What is the ten thousands digit of 202127?
0
What is the hundred thousands digit of 536323?
5
What is the hundreds digit of 3701037?
0
What is the hundreds digit of 330141?
1
What is the ten millions digit of 21350570?
2
What is the tens digit of 17389793?
9
What is the thousands digit of 2451147?
1
What is the thousands digit of 353311?
3
What is the thousands digit of 339998?
9
What is the units digit of 251003?
3
What is the ten thousands digit of 1096322?
9
What is the millions digit of 5938881?
5
What is the thousands digit of 407896?
7
What is the units digit of 6315505?
5
What is the thousands digit of 1004306?
4
What is the hundred thousands digit of 1730838?
7
What is the millions digit of 5798643?
5
What is the millions digit of 2933158?
2
What is the ten thousands digit of 267651?
6
What is the hundred thousands digit of 652565?
6
What is the millions digit of 25110858?
5
What is the hundreds digit of 9357946?
9
What is the units digit of 151048?
8
What is the thousands digit of 1482679?
2
What is the tens digit of 2956615?
1
What is the ten thousands digit of 109730?
0
What is the hundred thousands digit of 1100789?
1
What is the units digit of 25390505?
5
What is the millions digit of 2869859?
2
What is the millions digit of 4483494?
4
What is the ten thousands digit of 14392?
1
What is the hundreds digit of 1961461?
4
What is the ten millions digit of 14271949?
1
What is the hundreds digit of 1686345?
3
What is the millions digit of 4441716?
4
What is the millions digit of 3141266?
3
What is the hundreds digit of 747674?
6
What is the units digit of 1028427?
7
What is the units digit of 1063726?
6
What is the units digit of 40914677?
7
What is the hundred thousands digit of 661532?
6
What is the hundreds digit of 608489?
4
What is the tens digit of 497869?
6
What is the ten millions digit of 10474871?
1
What is the ten thousands digit of 17493278?
9
What is the tens digit of 3160079?
7
What is the units digit of 8639?
9
What is the thousands digit of 934992?
4
What is the tens digit of 1248863?
6
What is the tens digit of 14698128?
2
What is the ten thousands digit of 324845?
2
What is the hundreds digit of 2240035?
0
What is the hundreds digit of 8294521?
5
What is the hundred thousands digit of 567023?
5
What is the thousands digit of 1637880?
7
What is the ten thousands digit of 914204?
1
What is the hundred thousands digit of 2250982?
2
What is the ten millions digit of 30876583?
3
What is the hundreds digit of 783767?
7
What is the thousands digit of 18611088?
1
What is the thousands digit of 11985018?
5
What is the units digit of 332174?
4
What is the ten thousands digit of 603077?
0
What is the hundreds digit of 226883?
8
What is the units digit of 430363?
3
What is the hundreds digit of 1568504?
5
What is the millions digit of 3150364?
3
What is the tens digit of 191541?
4
What is the units digit of 6463519?
9
What is the units digit of 15246100?
0
What is the millions digit of 8746772?
8
What is the tens digit of 529383?
8
What is the tens digit of 2491237?
3
What is the hundreds digit of 302574?
5
What is the ten thousands digit of 3492142?
9
What is the ten thousands digit of 172767?
7
What is the hundreds digit of 18152046?
0
What is the tens digit of 106152?
5
What is the ten thousands digit of 14184905?
8
What is the thousands digit of 285000?
5
What is the millions digit of 2508131?
2
What is the hundreds digit of 545772?
7
What is the hundred thousands digit of 3882693?
8
What is the millions digit of 2140821?
2
What is the tens digit of 5810344?
4
What is the ten thousands digit of 9583962?
8
What is the thousands digit of 78371?
8
What is the units digit of 1732970?
0
What is the hundreds digit of 116324?
3
What is the ten thousands digit of 1626951?
2
What is the hundreds digit of 449806?
8
What is the ten thousands digit of 877558?
7
What is the tens digit of 111224?
2
What is the units digit of 7048654?
4
What is the thousands digit of 1814640?
4
What is the ten millions digit of 17723091?
1
What is the hundred thousands digit of 354218?
3
What is the units digit of 10774217?
7
What is the